f 13866 and 1665158696.
4622
What is the greatest common factor of 12865 and 105865?
155
What is the greatest common factor of 11408 and 3466?
2
What is the greatest common factor of 366506 and 2590?
14
Calculate the greatest common factor of 972664 and 26488.
616
What is the highest common divisor of 749630 and 23940?
70
Calculate the greatest common divisor of 243664 and 1554928.
2512
Calculate the greatest common divisor of 228 and 7991875.
19
Calculate the highest common factor of 2195 and 405812478.
439
Calculate the highest common factor of 39406 and 5627.
17
What is the highest common factor of 273 and 193950939?
273
Calculate the greatest common factor of 6100 and 682400.
100
What is the greatest common divisor of 710 and 29479342?
142
What is the highest common factor of 9669 and 1903035?
879
Calculate the highest common divisor of 424610 and 610.
10
Calculate the highest common factor of 330 and 1067715.
165
What is the highest common divisor of 32723310 and 928?
58
What is the greatest common factor of 1318174 and 832?
26
Calculate the greatest common divisor of 4678 and 1427.
1
Calculate the greatest common divisor of 4 and 528182.
2
Calculate the highest common factor of 1000 and 1007072.
8
What is the greatest common factor of 39270 and 12859770?
2310
Calculate the greatest common divisor of 66510 and 3708.
18
What is the greatest common factor of 13 and 4925?
1
Calculate the highest common divisor of 11 and 48125638.
11
What is the greatest common divisor of 1718 and 4632587?
859
Calculate the highest common factor of 14 and 20633186.
14
Calculate the highest common factor of 5713542 and 1494.
18
What is the greatest common divisor of 1606371 and 156?
39
Calculate the highest common factor of 351 and 111904767.
351
Calculate the greatest common divisor of 690960 and 143360.
80
What is the highest common factor of 126822 and 74658?
138
Calculate the highest common divisor of 109592 and 643264.
152
What is the greatest common divisor of 3239 and 164729062?
3239
Calculate the highest common factor of 242 and 57716758.
242
Calculate the highest common divisor of 340 and 5314030.
170
What is the highest common divisor of 337 and 210008627?
337
Calculate the greatest common divisor of 711 and 4460419.
79
What is the greatest common factor of 14416 and 26844394?
1802
Calculate the greatest common divisor of 8905 and 249015.
65
What is the highest common factor of 214834 and 24124?
326
What is the greatest common factor of 24 and 15761388?
12
What is the highest common divisor of 34763411 and 71746?
1237
Calculate the highest common factor of 2039320 and 21760.
680
What is the greatest common divisor of 295 and 23710?
5
What is the greatest common factor of 336 and 2206400?
112
What is the highest common divisor of 125194 and 35?
1
What is the greatest common divisor of 2605 and 260?
5
Calculate the greatest common factor of 1923452933 and 307.
307
What is the highest common factor of 34188 and 79299?
33
Calculate the greatest common divisor of 1266120 and 2430.
90
Calculate the highest common factor of 182708328 and 6130.
1226
Calculate the highest common factor of 206045 and 73515.
145
What is the greatest common divisor of 5147 and 19213?
1
Calculate the greatest common factor of 7049 and 1540392.
371
What is the highest common factor of 277947 and 28213?
89
What is the greatest common divisor of 365024 and 672?
32
What is the highest common factor of 2580146388 and 18?
18
Calculate the greatest common factor of 1142679 and 171.
57
What is the highest common divisor of 5 and 8835705?
5
Calculate the highest common factor of 63598 and 230.
2
Calculate the greatest common divisor of 1311940 and 700.
140
What is the highest common divisor of 573893 and 767?
59
What is the highest common factor of 2644 and 13267592?
2644
What is the highest common divisor of 112121880 and 18655?
2665
Calculate the greatest common divisor of 1463035 and 2835.
35
Calculate the highest common factor of 126 and 3293906.
14
What is the highest common factor of 57376 and 183212?
652
Calculate the highest common divisor of 139805235 and 3.
3
Calculate the greatest common divisor of 187613608 and 2184.
728
What is the highest common divisor of 281504 and 12920?
152
Calculate the highest common factor of 528 and 7420050.
66
Calculate the highest common factor of 1194954 and 8173082.
5042
Calculate the highest common factor of 10152 and 6047208.
3384
What is the highest common factor of 2203159 and 17864?
203
What is the greatest common divisor of 2365 and 2748295?
55
Calculate the greatest common divisor of 44130257 and 304239.
7801
Calculate the highest common divisor of 2299890 and 510.
30
What is the greatest common divisor of 83 and 712679251?
83
What is the greatest common factor of 2093040 and 9639?
1377
What is the highest common factor of 670519 and 253?
23
Calculate the highest common factor of 225048 and 126.
6
Calculate the greatest common divisor of 1913 and 2649505.
1913
Calculate the highest common factor of 1669255 and 2701.
37
Calculate the highest common factor of 249755 and 87020.
95
What is the greatest common factor of 29523385 and 265?
265
Calculate the greatest common factor of 1106 and 758400.
158
What is the greatest common divisor of 693 and 18443061?
63
What is the highest common divisor of 126 and 958370?
14
Calculate the highest common divisor of 2461014 and 20304.
846
What is the greatest common divisor of 1104 and 27089904?
48
What is the highest common factor of 1859422 and 4205?
29
Calculate the greatest common factor of 1287 and 1534005.
99
Calculate the greatest common factor of 1312 and 17211636.
164
What is the greatest common factor of 10889499 and 1266?
633
What is the highest common divisor of 17673 and 1686333?
411
Calculate the highest common factor of 14066 and 229892.
26
Calculate the greatest common divisor of 74338 and 58652.
682
What is the highest common divisor of 10712 and 8834722?
2678
Calculate the greatest common divisor of 27524 and 49334804.
3932
Calculate the highest common factor of 2092 and 17955113.
523
Calculate the highest common divisor of 8339 and 134261.
31
Calculate the highest common divisor of 11420 and 18367928.
2284
Calculate the highest common divisor of 3059 and 1566341.
133
What is the highest common factor of 7420 and 11872728?
28
Calculate the greatest common factor of 172124700 and 516.
516
Calculate the greatest common divisor of 4565 and 1943645.
55
Calculate the highest common divisor of 25120 and 19854848.
5024
What is the highest common factor of 76112 and 11054464?
1072
Calculate the highest common factor of 46560 and 85920.
480
Calculate the highest common divisor of 56 and 169928.
8
What is the highest common divisor of 490 and 11022172?
14
Calculate the highest common factor of 81807 and 382503.
2211
What is the greatest common factor of 15938262 and 2862?
54
Calculate the greatest common divisor of 8472 and 24368296.
2824
What is the highest common factor of 765 and 10299229?
17
What is the highest common factor of 191307 and 268965?
129
Calculate the highest common factor of 648158 and 357378.
938
What is the greatest common factor of 1436 and 43085744?
1436
Calculate the highest common factor of 21 and 411963.
3
What is the greatest common factor of 188280 and 9780?
60
What is the highest common divisor of 2945 and 25544550?
95
What is the greatest common divisor of 251960 and 4000?
40
What is the greatest common factor of 60184530 and 1120?
70
What is the highest common divisor of 1671593991 and 4759?
4759
Calculate the greatest common divisor of 1969 and 322382401.
1969
Calculate the highest common factor of 1135020 and 620.
20
What is the highest common factor of 5748 and 127084448?
1916
Calculate the greatest common divisor of 5154114 and 1421.
49
Calculate the highest common factor of 64 and 105771008.
64
What is the highest common divisor of 487 and 4397?
1
Calculate the highest common divisor of 273685336 and 4613.
659
Calculate the highest common divisor of 10355 and 12293456.
2071
Calculate the highest common divisor of 54 and 56465418.
6
What is the greatest common factor of 51 and 1642353?
51
What is the greatest common divisor of 286 and 60587978?
22
Calculate t